{"id":41,"date":"2014-10-27T14:42:26","date_gmt":"2014-10-27T16:42:26","guid":{"rendered":"https:\/\/www.cardoso.sp.gov.br\/site\/?page_id=41"},"modified":"2025-09-07T12:12:19","modified_gmt":"2025-09-07T15:12:19","slug":"prefeito","status":"publish","type":"page","link":"https:\/\/www.cardoso.sp.gov.br\/site\/prefeitura\/prefeito\/","title":{"rendered":"Prefeito"},"content":{"rendered":"\t\t<div data-elementor-type=\"wp-page\" data-elementor-id=\"41\" class=\"elementor elementor-41\" data-elementor-post-type=\"page\">\n\t\t\t\t\t\t<section class=\"elementor-section elementor-top-section elementor-element elementor-element-1373321a elementor-section-boxed elementor-section-height-default elementor-section-height-default\" data-id=\"1373321a\" data-element_type=\"section\" data-e-type=\"section\">\n\t\t\t\t\t\t<div class=\"elementor-container elementor-column-gap-default\">\n\t\t\t\t\t<div class=\"elementor-column elementor-col-100 elementor-top-column elementor-element elementor-element-1b96608e\" data-id=\"1b96608e\" data-element_type=\"column\" data-e-type=\"column\">\n\t\t\t<div class=\"elementor-widget-wrap elementor-element-populated\">\n\t\t\t\t\t\t<div class=\"elementor-element elementor-element-7a68f90d elementor-widget elementor-widget-text-editor\" data-id=\"7a68f90d\" data-element_type=\"widget\" data-e-type=\"widget\" data-widget_type=\"text-editor.default\">\n\t\t\t\t<div class=\"elementor-widget-container\">\n\t\t\t\t\t\t\t\t\t<p><img fetchpriority=\"high\" decoding=\"async\" class=\"alignleft\" src=\"https:\/\/www.cardoso.sp.gov.br\/site\/wp-content\/uploads\/2025\/01\/LUIS-PAULO-300x300.jpg\" alt=\"\" width=\"300\" height=\"300\" \/><\/p><h5><strong style=\"letter-spacing: 0px;\">LUIS PAULO BEDNARSKI PEDRASSOLLI<\/strong><\/h5><p>Partido: MOBILIZA<\/p><p><span style=\"letter-spacing: 0px;\">Lu\u00eds Paulo Bednarski nasceu em 3 de outubro de 1987, na cidade de Taquaritinga-SP. \u00c9 filho de Jos\u00e9 Paulo Pedrassolli e Ivana da Silva Bednarski, ambos engenheiros agr\u00f4nomos. Desde jovem, Lu\u00eds Paulo demonstrou lideran\u00e7a e dedica\u00e7\u00e3o aos estudos, tendo sido presidente do Gr\u00eamio Estudantil do Col\u00e9gio Anjo da Guarda, em Taquaritinga, no ano de 2004, e Mestre Conselheiro do Cap\u00edtulo L\u00edbero Badar\u00f3 da Ordem DeMolay, tamb\u00e9m em sua cidade natal.<\/span><\/p><p><span style=\"letter-spacing: 0px;\">Formou-se em Direito pela renomada Universidade Presbiteriana Mackenzie, no campus de S\u00e3o Paulo, onde consolidou sua forma\u00e7\u00e3o jur\u00eddica e \u00e9tica. Ap\u00f3s concluir seus estudos, retornou ao interior, estabelecendo uma carreira s\u00f3lida e multifacetada. Entre 2016 e 2022, atuou como Investigador de Pol\u00edcia, contribuindo para a seguran\u00e7a e justi\u00e7a em sua regi\u00e3o. Posteriormente, dedicou-se integralmente \u00e0 advocacia, na qual conquistou respeito e reconhecimento.<\/span><\/p><p><span style=\"letter-spacing: 0px;\">Lu\u00eds Paulo \u00e9 casado com Francine Pagliuso Martinelli, dentista da Prefeitura Municipal de Cardoso, com quem tem uma filha, Melissa Bednarski. A fam\u00edlia, enraizada em Cardoso, representa o compromisso e a conex\u00e3o de Lu\u00eds Paulo com a cidade e sua comunidade.<\/span><\/p><p><span style=\"letter-spacing: 0px;\">Lu\u00eds Paulo assume o cargo de Prefeito de Cardoso-SP, para o mandato de 2025 a 2028. Sua gest\u00e3o \u00e9 marcada por valores como transpar\u00eancia, efici\u00eancia e compromisso com o bem-estar de todos os cardosenses, reafirmando seu amor pela cidade e sua determina\u00e7\u00e3o em contribuir para o seu progresso e desenvolvimento.<\/span><\/p><p><span style=\"letter-spacing: 0px;\"><em><strong>&#8220;<\/strong><\/em><\/span><em><strong><span style=\"letter-spacing: 0px;\">Agrade\u00e7o imensamente \u00e0 popula\u00e7\u00e3o de Cardoso pela confian\u00e7a depositada. Comprometo-me a trabalhar com transpar\u00eancia e dedica\u00e7\u00e3o para promover o bem-estar e o progresso de nossa cidade.&#8221;<\/span><\/strong><\/em><\/p>\t\t\t\t\t\t\t\t<\/div>\n\t\t\t\t<\/div>\n\t\t\t\t\t<\/div>\n\t\t<\/div>\n\t\t\t\t\t<\/div>\n\t\t<\/section>\n\t\t\t\t<\/div>\n\t\t<div class=\"gsp_post_data\" data-post_type=\"page\" data-cat=\"\" data-modified=\"120\" data-title=\"Prefeito\" data-home=\"https:\/\/www.cardoso.sp.gov.br\/site\"><\/div>","protected":false},"excerpt":{"rendered":"<p>LUIS PAULO BEDNARSKI PEDRASSOLLI Partido: MOBILIZA Lu\u00eds Paulo Bednarski nasceu em 3 de outubro de 1987, na cidade de Taquaritinga-SP. \u00c9 filho de Jos\u00e9 Paulo Pedrassolli<span class=\"excerpt-hellip\"> [\u2026]<\/span><\/p>\n","protected":false},"author":1,"featured_media":3731,"parent":151,"menu_order":0,"comment_status":"closed","ping_status":"closed","template":"","meta":{"footnotes":""},"class_list":["post-41","page","type-page","status-publish","has-post-thumbnail","hentry"],"_links":{"self":[{"href":"https:\/\/www.cardoso.sp.gov.br\/site\/wp-json\/wp\/v2\/pages\/41","targetHints":{"allow":["GET"]}}],"collection":[{"href":"https:\/\/www.cardoso.sp.gov.br\/site\/wp-json\/wp\/v2\/pages"}],"about":[{"href":"https:\/\/www.cardoso.sp.gov.br\/site\/wp-json\/wp\/v2\/types\/page"}],"author":[{"embeddable":true,"href":"https:\/\/www.cardoso.sp.gov.br\/site\/wp-json\/wp\/v2\/users\/1"}],"replies":[{"embeddable":true,"href":"https:\/\/www.cardoso.sp.gov.br\/site\/wp-json\/wp\/v2\/comments?post=41"}],"version-history":[{"count":27,"href":"https:\/\/www.cardoso.sp.gov.br\/site\/wp-json\/wp\/v2\/pages\/41\/revisions"}],"predecessor-version":[{"id":19967,"href":"https:\/\/www.cardoso.sp.gov.br\/site\/wp-json\/wp\/v2\/pages\/41\/revisions\/19967"}],"up":[{"embeddable":true,"href":"https:\/\/www.cardoso.sp.gov.br\/site\/wp-json\/wp\/v2\/pages\/151"}],"wp:featuredmedia":[{"embeddable":true,"href":"https:\/\/www.cardoso.sp.gov.br\/site\/wp-json\/wp\/v2\/media\/3731"}],"wp:attachment":[{"href":"https:\/\/www.cardoso.sp.gov.br\/site\/wp-json\/wp\/v2\/media?parent=41"}],"curies":[{"name":"wp","href":"https:\/\/api.w.org\/{rel}","templated":true}]}}