{"id":21892,"date":"2025-09-07T12:15:06","date_gmt":"2025-09-07T15:15:06","guid":{"rendered":"https:\/\/www.cardoso.sp.gov.br\/site\/?page_id=21892"},"modified":"2026-04-22T16:01:38","modified_gmt":"2026-04-22T19:01:38","slug":"secretaria-municipal-de-gestao-financeira-sergio-eduardo-camargo","status":"publish","type":"page","link":"https:\/\/www.cardoso.sp.gov.br\/site\/secretarias\/secretaria-municipal-de-gestao-financeira-sergio-eduardo-camargo\/","title":{"rendered":"Secretaria Municipal de Gest\u00e3o Financeira &#8211; S\u00e9rgio Eduardo Camargo"},"content":{"rendered":"\t\t<div data-elementor-type=\"wp-page\" data-elementor-id=\"21892\" class=\"elementor elementor-21892\" data-elementor-post-type=\"page\">\n\t\t\t\t\t\t<section class=\"elementor-section elementor-top-section elementor-element elementor-element-1373321a elementor-section-boxed elementor-section-height-default elementor-section-height-default\" data-id=\"1373321a\" data-element_type=\"section\" data-e-type=\"section\">\n\t\t\t\t\t\t<div class=\"elementor-container elementor-column-gap-default\">\n\t\t\t\t\t<div class=\"elementor-column elementor-col-100 elementor-top-column elementor-element elementor-element-1b96608e\" data-id=\"1b96608e\" data-element_type=\"column\" data-e-type=\"column\">\n\t\t\t<div class=\"elementor-widget-wrap elementor-element-populated\">\n\t\t\t\t\t\t<section class=\"elementor-section elementor-inner-section elementor-element elementor-element-39d2519 elementor-section-boxed elementor-section-height-default elementor-section-height-default\" data-id=\"39d2519\" data-element_type=\"section\" data-e-type=\"section\">\n\t\t\t\t\t\t<div class=\"elementor-container elementor-column-gap-default\">\n\t\t\t\t\t<div class=\"elementor-column elementor-col-50 elementor-inner-column elementor-element elementor-element-acc3ea3\" data-id=\"acc3ea3\" data-element_type=\"column\" data-e-type=\"column\">\n\t\t\t<div class=\"elementor-widget-wrap elementor-element-populated\">\n\t\t\t\t\t\t<div class=\"elementor-element elementor-element-62b30de elementor-widget elementor-widget-image\" data-id=\"62b30de\" data-element_type=\"widget\" data-e-type=\"widget\" data-widget_type=\"image.default\">\n\t\t\t\t<div class=\"elementor-widget-container\">\n\t\t\t\t\t\t\t\t\t\t\t\t\t\t\t<img fetchpriority=\"high\" decoding=\"async\" width=\"229\" height=\"300\" src=\"https:\/\/www.cardoso.sp.gov.br\/site\/wp-content\/uploads\/2025\/06\/SERGIO02-229x300.png\" class=\"attachment-medium size-medium wp-image-20963\" alt=\"\" srcset=\"https:\/\/www.cardoso.sp.gov.br\/site\/wp-content\/uploads\/2025\/06\/SERGIO02-229x300.png 229w, https:\/\/www.cardoso.sp.gov.br\/site\/wp-content\/uploads\/2025\/06\/SERGIO02-112x146.png 112w, https:\/\/www.cardoso.sp.gov.br\/site\/wp-content\/uploads\/2025\/06\/SERGIO02-38x50.png 38w, https:\/\/www.cardoso.sp.gov.br\/site\/wp-content\/uploads\/2025\/06\/SERGIO02-57x75.png 57w, https:\/\/www.cardoso.sp.gov.br\/site\/wp-content\/uploads\/2025\/06\/SERGIO02.png 330w\" sizes=\"(max-width:767px) 229px, 229px\" \/>\t\t\t\t\t\t\t\t\t\t\t\t\t\t\t<\/div>\n\t\t\t\t<\/div>\n\t\t\t\t\t<\/div>\n\t\t<\/div>\n\t\t\t\t<div class=\"elementor-column elementor-col-50 elementor-inner-column elementor-element elementor-element-b4ed58f\" data-id=\"b4ed58f\" data-element_type=\"column\" data-e-type=\"column\">\n\t\t\t<div class=\"elementor-widget-wrap elementor-element-populated\">\n\t\t\t\t\t\t<div class=\"elementor-element elementor-element-2a8bf7f elementor-widget elementor-widget-text-editor\" data-id=\"2a8bf7f\" data-element_type=\"widget\" data-e-type=\"widget\" data-widget_type=\"text-editor.default\">\n\t\t\t\t<div class=\"elementor-widget-container\">\n\t\t\t\t\t\t\t\t\t<p>\u00a0<\/p><p><strong>SECRETARIA MUNICIPAL DE GEST\u00c3O FINANCEIRA<\/strong><\/p><p>Secret\u00e1rio: <em><strong>S\u00e9rgio Eduardo Camargo<\/strong><\/em><br \/>E-mail: <a href=\"mailto:adm@cardoso.sp.gov.br\">adm@cardoso.sp.gov.br<\/a><br \/>Endere\u00e7o: Rua Dr. Cenobelino de Barros Serra, 870 \u2013 Centro &#8211; CEP: 15570-017 \/ Tel: (17) 3466-3900<br \/>Hor\u00e1rio de Atendimento: Das 7h30 \u00e0s 17h<\/p>\t\t\t\t\t\t\t\t<\/div>\n\t\t\t\t<\/div>\n\t\t\t\t\t<\/div>\n\t\t<\/div>\n\t\t\t\t\t<\/div>\n\t\t<\/section>\n\t\t\t\t\t<\/div>\n\t\t<\/div>\n\t\t\t\t\t<\/div>\n\t\t<\/section>\n\t\t\t\t<\/div>\n\t\t<div class=\"gsp_post_data\" data-post_type=\"page\" data-cat=\"\" data-modified=\"120\" data-title=\"Secretaria Municipal de Gest\u00e3o Financeira &#8211; S\u00e9rgio Eduardo Camargo\" data-home=\"https:\/\/www.cardoso.sp.gov.br\/site\"><\/div>","protected":false},"excerpt":{"rendered":"<p>\u00a0 SECRETARIA MUNICIPAL DE GEST\u00c3O FINANCEIRA Secret\u00e1rio: S\u00e9rgio Eduardo CamargoE-mail: adm@cardoso.sp.gov.brEndere\u00e7o: Rua Dr. Cenobelino de Barros Serra, 870 \u2013 Centro &#8211; CEP: 15570-017 \/ Tel: (17)<span class=\"excerpt-hellip\"> [\u2026]<\/span><\/p>\n","protected":false},"author":1,"featured_media":20012,"parent":87,"menu_order":0,"comment_status":"closed","ping_status":"closed","template":"","meta":{"footnotes":""},"class_list":["post-21892","page","type-page","status-publish","has-post-thumbnail","hentry"],"_links":{"self":[{"href":"https:\/\/www.cardoso.sp.gov.br\/site\/wp-json\/wp\/v2\/pages\/21892","targetHints":{"allow":["GET"]}}],"collection":[{"href":"https:\/\/www.cardoso.sp.gov.br\/site\/wp-json\/wp\/v2\/pages"}],"about":[{"href":"https:\/\/www.cardoso.sp.gov.br\/site\/wp-json\/wp\/v2\/types\/page"}],"author":[{"embeddable":true,"href":"https:\/\/www.cardoso.sp.gov.br\/site\/wp-json\/wp\/v2\/users\/1"}],"replies":[{"embeddable":true,"href":"https:\/\/www.cardoso.sp.gov.br\/site\/wp-json\/wp\/v2\/comments?post=21892"}],"version-history":[{"count":7,"href":"https:\/\/www.cardoso.sp.gov.br\/site\/wp-json\/wp\/v2\/pages\/21892\/revisions"}],"predecessor-version":[{"id":23061,"href":"https:\/\/www.cardoso.sp.gov.br\/site\/wp-json\/wp\/v2\/pages\/21892\/revisions\/23061"}],"up":[{"embeddable":true,"href":"https:\/\/www.cardoso.sp.gov.br\/site\/wp-json\/wp\/v2\/pages\/87"}],"wp:featuredmedia":[{"embeddable":true,"href":"https:\/\/www.cardoso.sp.gov.br\/site\/wp-json\/wp\/v2\/media\/20012"}],"wp:attachment":[{"href":"https:\/\/www.cardoso.sp.gov.br\/site\/wp-json\/wp\/v2\/media?parent=21892"}],"curies":[{"name":"wp","href":"https:\/\/api.w.org\/{rel}","templated":true}]}}