{"id":20864,"date":"2025-05-22T16:12:19","date_gmt":"2025-05-22T19:12:19","guid":{"rendered":"https:\/\/www.cardoso.sp.gov.br\/site\/?page_id=20864"},"modified":"2026-04-22T16:01:52","modified_gmt":"2026-04-22T19:01:52","slug":"secretaria-municipal-de-desenvolvimento-urbano-e-meio-ambiente-gabriela-fernanda-barbosa","status":"publish","type":"page","link":"https:\/\/www.cardoso.sp.gov.br\/site\/secretarias\/secretaria-municipal-de-desenvolvimento-urbano-e-meio-ambiente-gabriela-fernanda-barbosa\/","title":{"rendered":"Secretaria Municipal de Desenvolvimento Urbano e Meio Ambiente &#8211; Gabriela Fernanda Barbosa"},"content":{"rendered":"\t\t<div data-elementor-type=\"wp-page\" data-elementor-id=\"20864\" class=\"elementor elementor-20864\" data-elementor-post-type=\"page\">\n\t\t\t\t\t\t<section class=\"elementor-section elementor-top-section elementor-element elementor-element-1373321a elementor-section-boxed elementor-section-height-default elementor-section-height-default\" data-id=\"1373321a\" data-element_type=\"section\" data-e-type=\"section\">\n\t\t\t\t\t\t<div class=\"elementor-container elementor-column-gap-default\">\n\t\t\t\t\t<div class=\"elementor-column elementor-col-100 elementor-top-column elementor-element elementor-element-1b96608e\" data-id=\"1b96608e\" data-element_type=\"column\" data-e-type=\"column\">\n\t\t\t<div class=\"elementor-widget-wrap elementor-element-populated\">\n\t\t\t\t\t\t<section class=\"elementor-section elementor-inner-section elementor-element elementor-element-d66be7a elementor-section-boxed elementor-section-height-default elementor-section-height-default\" data-id=\"d66be7a\" data-element_type=\"section\" data-e-type=\"section\">\n\t\t\t\t\t\t<div class=\"elementor-container elementor-column-gap-default\">\n\t\t\t\t\t<div class=\"elementor-column elementor-col-50 elementor-inner-column elementor-element elementor-element-ebe3174\" data-id=\"ebe3174\" data-element_type=\"column\" data-e-type=\"column\">\n\t\t\t<div class=\"elementor-widget-wrap elementor-element-populated\">\n\t\t\t\t\t\t<div class=\"elementor-element elementor-element-24490e3 elementor-widget elementor-widget-image\" data-id=\"24490e3\" data-element_type=\"widget\" data-e-type=\"widget\" data-widget_type=\"image.default\">\n\t\t\t\t<div class=\"elementor-widget-container\">\n\t\t\t\t\t\t\t\t\t\t\t\t\t\t\t<img fetchpriority=\"high\" decoding=\"async\" width=\"222\" height=\"300\" src=\"https:\/\/www.cardoso.sp.gov.br\/site\/wp-content\/uploads\/2025\/05\/Imagem-do-WhatsApp-de-2025-05-16-as-09.13.03_afb616ec-222x300.png\" class=\"attachment-medium size-medium wp-image-20866\" alt=\"\" srcset=\"https:\/\/www.cardoso.sp.gov.br\/site\/wp-content\/uploads\/2025\/05\/Imagem-do-WhatsApp-de-2025-05-16-as-09.13.03_afb616ec-222x300.png 222w, https:\/\/www.cardoso.sp.gov.br\/site\/wp-content\/uploads\/2025\/05\/Imagem-do-WhatsApp-de-2025-05-16-as-09.13.03_afb616ec-108x146.png 108w, https:\/\/www.cardoso.sp.gov.br\/site\/wp-content\/uploads\/2025\/05\/Imagem-do-WhatsApp-de-2025-05-16-as-09.13.03_afb616ec-37x50.png 37w, https:\/\/www.cardoso.sp.gov.br\/site\/wp-content\/uploads\/2025\/05\/Imagem-do-WhatsApp-de-2025-05-16-as-09.13.03_afb616ec-56x75.png 56w, https:\/\/www.cardoso.sp.gov.br\/site\/wp-content\/uploads\/2025\/05\/Imagem-do-WhatsApp-de-2025-05-16-as-09.13.03_afb616ec.png 378w\" sizes=\"(max-width:767px) 222px, 222px\" \/>\t\t\t\t\t\t\t\t\t\t\t\t\t\t\t<\/div>\n\t\t\t\t<\/div>\n\t\t\t\t\t<\/div>\n\t\t<\/div>\n\t\t\t\t<div class=\"elementor-column elementor-col-50 elementor-inner-column elementor-element elementor-element-26540bd\" data-id=\"26540bd\" data-element_type=\"column\" data-e-type=\"column\">\n\t\t\t<div class=\"elementor-widget-wrap elementor-element-populated\">\n\t\t\t\t\t\t<div class=\"elementor-element elementor-element-8bdfa91 elementor-widget elementor-widget-text-editor\" data-id=\"8bdfa91\" data-element_type=\"widget\" data-e-type=\"widget\" data-widget_type=\"text-editor.default\">\n\t\t\t\t<div class=\"elementor-widget-container\">\n\t\t\t\t\t\t\t\t\t<p><strong style=\"letter-spacing: 0px;\">SECRETARIA MUNICIPAL DE DESENVOLVIMENTO URBANO E MEIO AMBIENTE<\/strong><\/p><p>Secret\u00e1ria: <em><strong>Gabriela Fernanda Barbosa<\/strong><\/em><br \/>E-mail: <a href=\"mailto:secretariaobras@cardoso.sp.gov.br\">secretariaobras@cardoso.sp.gov.br<\/a><br \/>Endere\u00e7o:\u00a0Rua Dr. Cenobelino de Barros Serra, 870 \u2013 Centro &#8211; CEP: 15570-017 \/ Tel: (17) 3466-3900<br \/>Hor\u00e1rio de Atendimento: Das 7h30 \u00e0s 17h<\/p><p>Gabriela Fernanda Barbosa, nascida em 25 de agosto de 1995, em Votuporanga\/SP, \u00e9 graduada em Engenharia Civil pela UNIFEV \u2013 Centro Universit\u00e1rio de Votuporanga, formada em 2017. Iniciou sua trajet\u00f3ria na constru\u00e7\u00e3o civil em 2014, atuando at\u00e9 2020 em escrit\u00f3rio de engenharia e arquitetura, onde adquiriu ampla experi\u00eancia em projetos, acompanhamento de obras e planejamento t\u00e9cnico.<\/p><p>Desde 2019, atua tamb\u00e9m na \u00e1rea de avalia\u00e7\u00e3o de im\u00f3veis e no acompanhamento de obras junto a institui\u00e7\u00f5es banc\u00e1rias p\u00fablicas e privadas.<\/p><p>Em 2021, mudou-se para Cardoso e ingressou na gest\u00e3o p\u00fablica como engenheira civil, fun\u00e7\u00e3o que desempenhou com foco t\u00e9cnico e operacional. Ap\u00f3s esse per\u00edodo, assumiu o cargo de secret\u00e1ria municipal de obras em outro munic\u00edpio, ampliando sua experi\u00eancia em gest\u00e3o p\u00fablica. Posteriormente, retornou a Cardoso para assumir a Secretaria de Meio Ambiente, Obras e Servi\u00e7os P\u00fablicos, onde atua atualmente.\u00a0<span style=\"letter-spacing: 0px;\">\u00c0 frente da pasta, contribui com sua forma\u00e7\u00e3o t\u00e9cnica, experi\u00eancia pr\u00e1tica e vis\u00e3o estrat\u00e9gica para o desenvolvimento urbano, a sustentabilidade e a melhoria da infraestrutura e dos servi\u00e7os p\u00fablicos\u00a0do\u00a0munic\u00edpio.<\/span><\/p>\t\t\t\t\t\t\t\t<\/div>\n\t\t\t\t<\/div>\n\t\t\t\t\t<\/div>\n\t\t<\/div>\n\t\t\t\t\t<\/div>\n\t\t<\/section>\n\t\t\t\t\t<\/div>\n\t\t<\/div>\n\t\t\t\t\t<\/div>\n\t\t<\/section>\n\t\t\t\t<\/div>\n\t\t<div class=\"gsp_post_data\" data-post_type=\"page\" data-cat=\"\" data-modified=\"120\" data-title=\"Secretaria Municipal de Desenvolvimento Urbano e Meio Ambiente &#8211; Gabriela Fernanda Barbosa\" data-home=\"https:\/\/www.cardoso.sp.gov.br\/site\"><\/div>","protected":false},"excerpt":{"rendered":"<p>SECRETARIA MUNICIPAL DE DESENVOLVIMENTO URBANO E MEIO AMBIENTE Secret\u00e1ria: Gabriela Fernanda BarbosaE-mail: secretariaobras@cardoso.sp.gov.brEndere\u00e7o:\u00a0Rua Dr. Cenobelino de Barros Serra, 870 \u2013 Centro &#8211; CEP: 15570-017 \/ Tel:<span class=\"excerpt-hellip\"> [\u2026]<\/span><\/p>\n","protected":false},"author":2,"featured_media":20012,"parent":87,"menu_order":0,"comment_status":"closed","ping_status":"closed","template":"","meta":{"footnotes":""},"class_list":["post-20864","page","type-page","status-publish","has-post-thumbnail","hentry"],"_links":{"self":[{"href":"https:\/\/www.cardoso.sp.gov.br\/site\/wp-json\/wp\/v2\/pages\/20864","targetHints":{"allow":["GET"]}}],"collection":[{"href":"https:\/\/www.cardoso.sp.gov.br\/site\/wp-json\/wp\/v2\/pages"}],"about":[{"href":"https:\/\/www.cardoso.sp.gov.br\/site\/wp-json\/wp\/v2\/types\/page"}],"author":[{"embeddable":true,"href":"https:\/\/www.cardoso.sp.gov.br\/site\/wp-json\/wp\/v2\/users\/2"}],"replies":[{"embeddable":true,"href":"https:\/\/www.cardoso.sp.gov.br\/site\/wp-json\/wp\/v2\/comments?post=20864"}],"version-history":[{"count":20,"href":"https:\/\/www.cardoso.sp.gov.br\/site\/wp-json\/wp\/v2\/pages\/20864\/revisions"}],"predecessor-version":[{"id":23067,"href":"https:\/\/www.cardoso.sp.gov.br\/site\/wp-json\/wp\/v2\/pages\/20864\/revisions\/23067"}],"up":[{"embeddable":true,"href":"https:\/\/www.cardoso.sp.gov.br\/site\/wp-json\/wp\/v2\/pages\/87"}],"wp:featuredmedia":[{"embeddable":true,"href":"https:\/\/www.cardoso.sp.gov.br\/site\/wp-json\/wp\/v2\/media\/20012"}],"wp:attachment":[{"href":"https:\/\/www.cardoso.sp.gov.br\/site\/wp-json\/wp\/v2\/media?parent=20864"}],"curies":[{"name":"wp","href":"https:\/\/api.w.org\/{rel}","templated":true}]}}