{"id":20255,"date":"2025-02-07T09:45:33","date_gmt":"2025-02-07T12:45:33","guid":{"rendered":"https:\/\/www.cardoso.sp.gov.br\/site\/?page_id=20255"},"modified":"2025-02-07T09:51:31","modified_gmt":"2025-02-07T12:51:31","slug":"solicitacao-de-servicos","status":"publish","type":"page","link":"https:\/\/www.cardoso.sp.gov.br\/site\/solicitacao-de-servicos\/","title":{"rendered":"Solicita\u00e7\u00e3o de Servi\u00e7os"},"content":{"rendered":"\t\t<div data-elementor-type=\"wp-page\" data-elementor-id=\"20255\" class=\"elementor elementor-20255\" data-elementor-post-type=\"page\">\n\t\t\t\t\t\t<section class=\"elementor-section elementor-top-section elementor-element elementor-element-942a1f elementor-section-boxed elementor-section-height-default elementor-section-height-default\" data-id=\"942a1f\" data-element_type=\"section\" data-e-type=\"section\">\n\t\t\t\t\t\t<div class=\"elementor-container elementor-column-gap-default\">\n\t\t\t\t\t<div class=\"elementor-column elementor-col-100 elementor-top-column elementor-element elementor-element-6f2aaa51\" data-id=\"6f2aaa51\" data-element_type=\"column\" data-e-type=\"column\">\n\t\t\t<div class=\"elementor-widget-wrap elementor-element-populated\">\n\t\t\t\t\t\t<div class=\"elementor-element elementor-element-3d6a07c elementor-widget elementor-widget-shortcode\" data-id=\"3d6a07c\" data-element_type=\"widget\" data-e-type=\"widget\" data-widget_type=\"shortcode.default\">\n\t\t\t\t<div class=\"elementor-widget-container\">\n\t\t\t\t\t\t\t<div class=\"elementor-shortcode\">\n<div class=\"wpcf7 no-js\" id=\"wpcf7-f20252-o1\" lang=\"pt-BR\" dir=\"ltr\" data-wpcf7-id=\"20252\">\n<div class=\"screen-reader-response\"><p role=\"status\" aria-live=\"polite\" aria-atomic=\"true\"><\/p> <ul><\/ul><\/div>\n<form action=\"\/site\/wp-json\/wp\/v2\/pages\/20255#wpcf7-f20252-o1\" method=\"post\" class=\"wpcf7-form init\" aria-label=\"Formul\u00e1rios de contato\" novalidate=\"novalidate\" data-status=\"init\">\n<fieldset class=\"hidden-fields-container\"><input type=\"hidden\" name=\"_wpcf7\" value=\"20252\" \/><input type=\"hidden\" name=\"_wpcf7_version\" value=\"6.1.5\" \/><input type=\"hidden\" name=\"_wpcf7_locale\" value=\"pt_BR\" \/><input type=\"hidden\" name=\"_wpcf7_unit_tag\" value=\"wpcf7-f20252-o1\" \/><input type=\"hidden\" name=\"_wpcf7_container_post\" value=\"0\" \/><input type=\"hidden\" name=\"_wpcf7_posted_data_hash\" value=\"\" \/>\n<\/fieldset>\n<p class=\"criteria\"><br \/>\n<strong style=\"color: red;\">Preencha todos os campos:<\/strong>\n<\/p>\n<ul>\n\t<li>\n\t\t<p><strong>Em caso de solicita\u00e7\u00e3o de servi\u00e7o de Trator, detalhar o tipo de sevi\u00e7o. EX: Ro\u00e7agem, Levantamento de curva, gradeamento de terra....<\/strong>\n\t\t<\/p>\n\t<\/li>\n\n<strong style=\"color: black;\">Data da Solicita\u00e7\u00e3o: <span id=\"data-atual\"><\/span><\/strong>\n\n<script>\n document.getElementById(\"data-atual\").textContent = new Date().toLocaleDateString(\"pt-BR\");\n<\/script>\n\t<div class=\"column mcb-column one column_column\">\n\t\t<div class=\"column_attr clearfix\" style=\"width:100%;\">\n\t\t\t<p>O Servi\u00e7o solicitado \u00e9 para:<br \/>\n<span class=\"wpcf7-form-control-wrap\" data-name=\"form-tipo\"><span class=\"wpcf7-form-control wpcf7-radio\"><span class=\"wpcf7-list-item first\"><label><input type=\"radio\" name=\"form-tipo\" value=\"\u00c1REA URBANA\" checked=\"checked\" \/><span class=\"wpcf7-list-item-label\">\u00c1REA URBANA<\/span><\/label><\/span><span class=\"wpcf7-list-item last\"><label><input type=\"radio\" name=\"form-tipo\" value=\"\u00c1REA RURAL\" \/><span class=\"wpcf7-list-item-label\">\u00c1REA RURAL<\/span><\/label><\/span><\/span><\/span>\n\t\t\t<\/p>\n\t\t<\/div>\n\t<\/div>\n<\/ul>\n<p><label for=\"nome\">Nome Completo<\/label><span class=\"wpcf7-form-control-wrap\" data-name=\"form-nome\"><input size=\"40\" maxlength=\"400\" class=\"wpcf7-form-control wpcf7-text wpcf7-validates-as-required\" aria-required=\"true\" aria-invalid=\"false\" placeholder=\"Nome Completo\" value=\"\" type=\"text\" name=\"form-nome\" \/><\/span>\n<\/p>\n<p><label for=\"rg\">RG<\/label><span class=\"wpcf7-form-control-wrap\" data-name=\"form-rg\"><input size=\"50\" maxlength=\"400\" class=\"wpcf7-form-control wpcf7-text wpcf7-validates-as-required rg\" aria-required=\"true\" aria-invalid=\"false\" placeholder=\"Digite conforme o exemplo abaixo.\" value=\"\" type=\"text\" name=\"form-rg\" \/><\/span><br \/>\n<small>Ex.: 00.000.000-0<\/small>\n<\/p>\n<p><label for=\"cpf\">CPF<\/label><span class=\"wpcf7-form-control-wrap\" data-name=\"form-cpf\"><input size=\"50\" maxlength=\"400\" class=\"wpcf7-form-control wpcf7-text wpcf7-validates-as-required cpf\" aria-required=\"true\" aria-invalid=\"false\" placeholder=\"Digite somente os n\u00fameros\" value=\"\" type=\"text\" name=\"form-cpf\" \/><\/span><br \/>\n<small>Ex.: 000.000.000-00<\/small>\n<\/p>\n<p><label for=\"endereco\">Endere\u00e7o<\/label><span class=\"wpcf7-form-control-wrap\" data-name=\"form-endereco\"><input size=\"40\" maxlength=\"400\" class=\"wpcf7-form-control wpcf7-text wpcf7-validates-as-required\" aria-required=\"true\" aria-invalid=\"false\" placeholder=\"Endere\u00e7o\" value=\"\" type=\"text\" name=\"form-endereco\" \/><\/span><br \/>\n<small>Ex.: Rua Dr. Cenobelino de Barros Serra n\u00ba 870 - Centro<\/small>\n<\/p>\n<p><label for=\"telefone\">Telefone\/WhatsApp<\/label><span class=\"wpcf7-form-control-wrap\" data-name=\"form-telefone\"><input size=\"50\" maxlength=\"400\" class=\"wpcf7-form-control wpcf7-text wpcf7-validates-as-required phone\" aria-required=\"true\" aria-invalid=\"false\" placeholder=\"Digite somente os n\u00fameros\" value=\"\" type=\"text\" name=\"form-telefone\" \/><\/span><br \/>\n<small>Ex.: (00) 00000-0000<\/small>\n<\/p>\n<p><label for=\"email\">E-mail<\/label><span class=\"wpcf7-form-control-wrap\" data-name=\"form-email\"><input size=\"40\" maxlength=\"400\" class=\"wpcf7-form-control wpcf7-email wpcf7-validates-as-required wpcf7-text wpcf7-validates-as-email\" aria-required=\"true\" aria-invalid=\"false\" placeholder=\"E-mail\" value=\"\" type=\"email\" name=\"form-email\" \/><\/span>\n<\/p>\n<p><label for=\"servicosolicitado\">Selecione o servi\u00e7o desejado abaixo:<\/label><span class=\"wpcf7-form-control-wrap\" data-name=\"form-servicosolicitado\"><select class=\"wpcf7-form-control wpcf7-select wpcf7-validates-as-required\" aria-required=\"true\" aria-invalid=\"false\" name=\"form-servicosolicitado\"><option value=\"Caminh\u00e3o Carroceria - R$ 171,00 (Hora Trabalhada)\">Caminh\u00e3o Carroceria - R$ 171,00 (Hora Trabalhada)<\/option><option value=\"Caminh\u00e3o Pipa - R$ 165,00 (10 mil litros de \u00e1gua)\">Caminh\u00e3o Pipa - R$ 165,00 (10 mil litros de \u00e1gua)<\/option><option value=\"Trator com ou sem implemento - R$ 125,00 (Hora Trabalhada)\">Trator com ou sem implemento - R$ 125,00 (Hora Trabalhada)<\/option><option value=\"Ca\u00e7amba - R$ 79,00\">Ca\u00e7amba - R$ 79,00<\/option><option value=\"Mudan\u00e7a dentro de Cardoso - R$ 80,00\">Mudan\u00e7a dentro de Cardoso - R$ 80,00<\/option><option value=\"Mudan\u00e7a Cardoso\/Vila Alves (vice-versa) - R$ 120,00\">Mudan\u00e7a Cardoso\/Vila Alves (vice-versa) - R$ 120,00<\/option><option value=\"Mudan\u00e7a Cardoso\/S\u00e3o Jo\u00e3o do Marinheiro (vice-versa) - R$ 120,00\">Mudan\u00e7a Cardoso\/S\u00e3o Jo\u00e3o do Marinheiro (vice-versa) - R$ 120,00<\/option><\/select><\/span>\n<\/p>\n<p><label for=\"horastrab\">Selecione a quantidade de horas trabalhadas ou a quantidade de ca\u00e7ambas desejada:<\/label><span class=\"wpcf7-form-control-wrap\" data-name=\"form-horastrab\"><select class=\"wpcf7-form-control wpcf7-select wpcf7-validates-as-required\" aria-required=\"true\" aria-invalid=\"false\" name=\"form-horastrab\"><option value=\"01\">01<\/option><option value=\"02\">02<\/option><option value=\"03\">03<\/option><option value=\"04\">04<\/option><option value=\"05\">05<\/option><option value=\"06\">06<\/option><option value=\"07\">07<\/option><option value=\"08\">08<\/option><option value=\"09\">09<\/option><option value=\"10\">10<\/option><\/select><\/span><br \/>\n<small>Informa\u00e7\u00e3o: Se escolher um servi\u00e7o que n\u00e3o \u00e9 cobrado por hora trabalhada, mantenha selecionada apenas a op\u00e7\u00e3o n\u00famero 01. <\/small>\n<\/p>\n<p><label for=\"local\">Endere\u00e7o onde ser\u00e1 realizado o trabalho:<\/label><span class=\"wpcf7-form-control-wrap\" data-name=\"form-local\"><input size=\"40\" maxlength=\"400\" class=\"wpcf7-form-control wpcf7-text wpcf7-validates-as-required\" aria-required=\"true\" aria-invalid=\"false\" placeholder=\"Endere\u00e7o onde ser\u00e1 realizado o trabalho\" value=\"\" type=\"text\" name=\"form-local\" \/><\/span><br \/>\n<small>Ex.: Rua 01 n\u00ba 00 - Jardim Alvorada<\/small>\n<\/p>\n<p>DETALHAR O TIPO DE SERVI\u00c7O A SER REALIZADO:\n<\/p>\n<p><span class=\"wpcf7-form-control-wrap\" data-name=\"form-detalhar\"><textarea cols=\"40\" rows=\"10\" maxlength=\"2000\" class=\"wpcf7-form-control wpcf7-textarea wpcf7-validates-as-required\" aria-required=\"true\" aria-invalid=\"false\" placeholder=\"Descreva detalhadamente o tipo de servi\u00e7o como por exemplo: (PRECISO DE UM TRATOR COM GRADE PARA PREPARA\u00c7\u00c3O DE SOLO.)\" name=\"form-detalhar\"><\/textarea><\/span>\n<\/p>\n<p><label><br \/>\n<span class=\"wpcf7-form-control-wrap\" data-name=\"form-aceite\"><span class=\"wpcf7-form-control wpcf7-acceptance\"><span class=\"wpcf7-list-item\"><label><input type=\"checkbox\" name=\"form-aceite\" value=\"1\" aria-invalid=\"false\" \/><span class=\"wpcf7-list-item-label\">DECLARO que estou ciente da taxa cobrada pelo servi\u00e7o solicitado.<\/span><\/label><\/span><\/span><\/span><br \/>\n<\/label>\n<\/p>\n<p><input class=\"wpcf7-form-control wpcf7-submit has-spinner\" type=\"submit\" value=\"Enviar\" \/>\n<\/p>\n<footer style=\"text-align: center; margin-top: 20px; font-size: 0.9em; color: #555;\">\n\t<p>\u00a9 2025 Prefeitura Municipal de Cardoso - SP | Todos os direitos reservados.\n\t<\/p>\n<\/footer><div class=\"wpcf7-response-output\" aria-hidden=\"true\"><\/div>\n<\/form>\n<\/div>\n<\/div>\n\t\t\t\t\t\t<\/div>\n\t\t\t\t<\/div>\n\t\t\t\t\t<\/div>\n\t\t<\/div>\n\t\t\t\t\t<\/div>\n\t\t<\/section>\n\t\t\t\t<\/div>\n\t\t<div class=\"gsp_post_data\" data-post_type=\"page\" data-cat=\"\" data-modified=\"120\" data-title=\"Solicita\u00e7\u00e3o de Servi\u00e7os\" data-home=\"https:\/\/www.cardoso.sp.gov.br\/site\"><\/div>","protected":false},"excerpt":{"rendered":"","protected":false},"author":2,"featured_media":0,"parent":0,"menu_order":0,"comment_status":"closed","ping_status":"closed","template":"","meta":{"footnotes":""},"class_list":["post-20255","page","type-page","status-publish","hentry"],"_links":{"self":[{"href":"https:\/\/www.cardoso.sp.gov.br\/site\/wp-json\/wp\/v2\/pages\/20255","targetHints":{"allow":["GET"]}}],"collection":[{"href":"https:\/\/www.cardoso.sp.gov.br\/site\/wp-json\/wp\/v2\/pages"}],"about":[{"href":"https:\/\/www.cardoso.sp.gov.br\/site\/wp-json\/wp\/v2\/types\/page"}],"author":[{"embeddable":true,"href":"https:\/\/www.cardoso.sp.gov.br\/site\/wp-json\/wp\/v2\/users\/2"}],"replies":[{"embeddable":true,"href":"https:\/\/www.cardoso.sp.gov.br\/site\/wp-json\/wp\/v2\/comments?post=20255"}],"version-history":[{"count":4,"href":"https:\/\/www.cardoso.sp.gov.br\/site\/wp-json\/wp\/v2\/pages\/20255\/revisions"}],"predecessor-version":[{"id":20260,"href":"https:\/\/www.cardoso.sp.gov.br\/site\/wp-json\/wp\/v2\/pages\/20255\/revisions\/20260"}],"wp:attachment":[{"href":"https:\/\/www.cardoso.sp.gov.br\/site\/wp-json\/wp\/v2\/media?parent=20255"}],"curies":[{"name":"wp","href":"https:\/\/api.w.org\/{rel}","templated":true}]}}