{"id":20163,"date":"2025-02-03T08:28:50","date_gmt":"2025-02-03T11:28:50","guid":{"rendered":"https:\/\/www.cardoso.sp.gov.br\/site\/?page_id=20163"},"modified":"2026-04-22T16:02:04","modified_gmt":"2026-04-22T19:02:04","slug":"secretaria-municipal-de-desenvolvimento-economico-turismo-cultura-esporte-e-lazer-breno-fernandes","status":"publish","type":"page","link":"https:\/\/www.cardoso.sp.gov.br\/site\/secretarias\/secretaria-municipal-de-desenvolvimento-economico-turismo-cultura-esporte-e-lazer-breno-fernandes\/","title":{"rendered":"Secretaria Municipal de Desenvolvimento Econ\u00f4mico, Turismo, Cultura, Esporte e Lazer &#8211; Breno Fernandes"},"content":{"rendered":"\t\t<div data-elementor-type=\"wp-page\" data-elementor-id=\"20163\" class=\"elementor elementor-20163\" data-elementor-post-type=\"page\">\n\t\t\t\t\t\t<section class=\"elementor-section elementor-top-section elementor-element elementor-element-1373321a elementor-section-boxed elementor-section-height-default elementor-section-height-default\" data-id=\"1373321a\" data-element_type=\"section\" data-e-type=\"section\">\n\t\t\t\t\t\t<div class=\"elementor-container elementor-column-gap-default\">\n\t\t\t\t\t<div class=\"elementor-column elementor-col-100 elementor-top-column elementor-element elementor-element-1b96608e\" data-id=\"1b96608e\" data-element_type=\"column\" data-e-type=\"column\">\n\t\t\t<div class=\"elementor-widget-wrap elementor-element-populated\">\n\t\t\t\t\t\t<section class=\"elementor-section elementor-inner-section elementor-element elementor-element-44b2b7b elementor-section-boxed elementor-section-height-default elementor-section-height-default\" data-id=\"44b2b7b\" data-element_type=\"section\" data-e-type=\"section\">\n\t\t\t\t\t\t<div class=\"elementor-container elementor-column-gap-default\">\n\t\t\t\t\t<div class=\"elementor-column elementor-col-50 elementor-inner-column elementor-element elementor-element-33dd22d\" data-id=\"33dd22d\" data-element_type=\"column\" data-e-type=\"column\">\n\t\t\t<div class=\"elementor-widget-wrap elementor-element-populated\">\n\t\t\t\t\t\t<div class=\"elementor-element elementor-element-c33b4d6 elementor-widget elementor-widget-image\" data-id=\"c33b4d6\" data-element_type=\"widget\" data-e-type=\"widget\" data-widget_type=\"image.default\">\n\t\t\t\t<div class=\"elementor-widget-container\">\n\t\t\t\t\t\t\t\t\t\t\t\t\t\t\t<img fetchpriority=\"high\" decoding=\"async\" width=\"234\" height=\"300\" src=\"https:\/\/www.cardoso.sp.gov.br\/site\/wp-content\/uploads\/2025\/02\/Breno-Fernandes-1-234x300.png\" class=\"attachment-medium size-medium wp-image-20167\" alt=\"\" srcset=\"https:\/\/www.cardoso.sp.gov.br\/site\/wp-content\/uploads\/2025\/02\/Breno-Fernandes-1-234x300.png 234w, https:\/\/www.cardoso.sp.gov.br\/site\/wp-content\/uploads\/2025\/02\/Breno-Fernandes-1-114x146.png 114w, https:\/\/www.cardoso.sp.gov.br\/site\/wp-content\/uploads\/2025\/02\/Breno-Fernandes-1-39x50.png 39w, https:\/\/www.cardoso.sp.gov.br\/site\/wp-content\/uploads\/2025\/02\/Breno-Fernandes-1-59x75.png 59w, https:\/\/www.cardoso.sp.gov.br\/site\/wp-content\/uploads\/2025\/02\/Breno-Fernandes-1.png 539w\" sizes=\"(max-width:767px) 234px, 234px\" \/>\t\t\t\t\t\t\t\t\t\t\t\t\t\t\t<\/div>\n\t\t\t\t<\/div>\n\t\t\t\t\t<\/div>\n\t\t<\/div>\n\t\t\t\t<div class=\"elementor-column elementor-col-50 elementor-inner-column elementor-element elementor-element-97e88ac\" data-id=\"97e88ac\" data-element_type=\"column\" data-e-type=\"column\">\n\t\t\t<div class=\"elementor-widget-wrap elementor-element-populated\">\n\t\t\t\t\t\t<div class=\"elementor-element elementor-element-1e83b89 elementor-widget elementor-widget-text-editor\" data-id=\"1e83b89\" data-element_type=\"widget\" data-e-type=\"widget\" data-widget_type=\"text-editor.default\">\n\t\t\t\t<div class=\"elementor-widget-container\">\n\t\t\t\t\t\t\t\t\t<p><b>SECRETARIA MUNICIPAL DE DESENVOLVIMENTO ECON\u00d4NICO, TURISMO, CULTURA, ESPORTE E LAZER<\/b><\/p><p>Secret\u00e1rio: <em><strong>Breno Fernandes<\/strong><\/em><br \/>E-mail: <a href=\"mailto:turismo@cardoso.sp.gov.br\">turismo@cardoso.sp.gov.br<\/a><br \/>Endere\u00e7o: Av. Jo\u00e3o Gon\u00e7alves do Nascimento s\/n\u00ba\u00a0 \u2013 Centro &#8211; CEP: 15570-017 \/ Tel: (17) 3466-3900<br \/>Hor\u00e1rio de Atendimento: Das 7h30 \u00e0s 17h<\/p><p>Breno Fernandes, 47 anos, assume o desafio de liderar a Secretaria de Ind\u00fastria, Com\u00e9rcio, Turismo, Esporte e Lazer com uma vis\u00e3o inovadora e estrat\u00e9gica. Formado em Educa\u00e7\u00e3o F\u00edsica e p\u00f3s-graduado em Fisiologia do Exerc\u00edcio, ele traz consigo uma base s\u00f3lida para impulsionar o desenvolvimento dessas \u00e1reas de forma integrada.<\/p><p>Com sua expertise, Breno pretende fortalecer o com\u00e9rcio local, incentivar o turismo como motor econ\u00f4mico e ampliar o acesso ao esporte e lazer, promovendo inclus\u00e3o social e qualidade de vida. Seu compromisso \u00e9 implementar pol\u00edticas p\u00fablicas que estimulem o crescimento sustent\u00e1vel, gerem novas oportunidades e fa\u00e7am da regi\u00e3o um polo de desenvolvimento din\u00e2mico e pr\u00f3spero.<\/p>\t\t\t\t\t\t\t\t<\/div>\n\t\t\t\t<\/div>\n\t\t\t\t\t<\/div>\n\t\t<\/div>\n\t\t\t\t\t<\/div>\n\t\t<\/section>\n\t\t\t\t\t<\/div>\n\t\t<\/div>\n\t\t\t\t\t<\/div>\n\t\t<\/section>\n\t\t\t\t<\/div>\n\t\t<div class=\"gsp_post_data\" data-post_type=\"page\" data-cat=\"\" data-modified=\"120\" data-title=\"Secretaria Municipal de Desenvolvimento Econ\u00f4mico, Turismo, Cultura, Esporte e Lazer &#8211; Breno Fernandes\" data-home=\"https:\/\/www.cardoso.sp.gov.br\/site\"><\/div>","protected":false},"excerpt":{"rendered":"<p>SECRETARIA MUNICIPAL DE DESENVOLVIMENTO ECON\u00d4NICO, TURISMO, CULTURA, ESPORTE E LAZER Secret\u00e1rio: Breno FernandesE-mail: turismo@cardoso.sp.gov.brEndere\u00e7o: Av. Jo\u00e3o Gon\u00e7alves do Nascimento s\/n\u00ba\u00a0 \u2013 Centro &#8211; CEP: 15570-017 \/<span class=\"excerpt-hellip\"> [\u2026]<\/span><\/p>\n","protected":false},"author":2,"featured_media":20012,"parent":87,"menu_order":0,"comment_status":"closed","ping_status":"closed","template":"","meta":{"footnotes":""},"class_list":["post-20163","page","type-page","status-publish","has-post-thumbnail","hentry"],"_links":{"self":[{"href":"https:\/\/www.cardoso.sp.gov.br\/site\/wp-json\/wp\/v2\/pages\/20163","targetHints":{"allow":["GET"]}}],"collection":[{"href":"https:\/\/www.cardoso.sp.gov.br\/site\/wp-json\/wp\/v2\/pages"}],"about":[{"href":"https:\/\/www.cardoso.sp.gov.br\/site\/wp-json\/wp\/v2\/types\/page"}],"author":[{"embeddable":true,"href":"https:\/\/www.cardoso.sp.gov.br\/site\/wp-json\/wp\/v2\/users\/2"}],"replies":[{"embeddable":true,"href":"https:\/\/www.cardoso.sp.gov.br\/site\/wp-json\/wp\/v2\/comments?post=20163"}],"version-history":[{"count":14,"href":"https:\/\/www.cardoso.sp.gov.br\/site\/wp-json\/wp\/v2\/pages\/20163\/revisions"}],"predecessor-version":[{"id":23073,"href":"https:\/\/www.cardoso.sp.gov.br\/site\/wp-json\/wp\/v2\/pages\/20163\/revisions\/23073"}],"up":[{"embeddable":true,"href":"https:\/\/www.cardoso.sp.gov.br\/site\/wp-json\/wp\/v2\/pages\/87"}],"wp:featuredmedia":[{"embeddable":true,"href":"https:\/\/www.cardoso.sp.gov.br\/site\/wp-json\/wp\/v2\/media\/20012"}],"wp:attachment":[{"href":"https:\/\/www.cardoso.sp.gov.br\/site\/wp-json\/wp\/v2\/media?parent=20163"}],"curies":[{"name":"wp","href":"https:\/\/api.w.org\/{rel}","templated":true}]}}