{"id":17279,"date":"2022-07-02T08:31:01","date_gmt":"2022-07-02T11:31:01","guid":{"rendered":"https:\/\/www.cardoso.sp.gov.br\/site\/?page_id=17279"},"modified":"2025-09-07T21:25:45","modified_gmt":"2025-09-08T00:25:45","slug":"mapa-do-site","status":"publish","type":"page","link":"https:\/\/www.cardoso.sp.gov.br\/site\/mapa-do-site\/","title":{"rendered":"Mapa do Site"},"content":{"rendered":"\t\t<div data-elementor-type=\"wp-page\" data-elementor-id=\"17279\" class=\"elementor elementor-17279\" data-elementor-post-type=\"page\">\n\t\t\t\t\t\t<section class=\"elementor-section elementor-top-section elementor-element elementor-element-3f10f7e elementor-section-boxed elementor-section-height-default elementor-section-height-default\" data-id=\"3f10f7e\" data-element_type=\"section\" data-e-type=\"section\">\n\t\t\t\t\t\t<div class=\"elementor-container elementor-column-gap-default\">\n\t\t\t\t\t<div class=\"elementor-column elementor-col-100 elementor-top-column elementor-element elementor-element-01ec501\" data-id=\"01ec501\" data-element_type=\"column\" data-e-type=\"column\">\n\t\t\t<div class=\"elementor-widget-wrap elementor-element-populated\">\n\t\t\t\t\t\t<div class=\"elementor-element elementor-element-20a76cc elementor-widget elementor-widget-text-editor\" data-id=\"20a76cc\" data-element_type=\"widget\" data-e-type=\"widget\" data-widget_type=\"text-editor.default\">\n\t\t\t\t<div class=\"elementor-widget-container\">\n\t\t\t\t\t\t\t\t\t<ul><li><a href=\"https:\/\/www.cardoso.sp.gov.br\/site\/\">Home<\/a><\/li><li><a href=\"#\">A Cidade<\/a><ul><li><a href=\"https:\/\/www.cardoso.sp.gov.br\/site\/a-cidade\/\">Nossa Hist\u00f3ria<\/a><\/li><li><a href=\"https:\/\/www.cardoso.sp.gov.br\/site\/a-cidade\/a-prainha\/\">A Prainha<\/a><\/li><li><a href=\"https:\/\/www.cardoso.sp.gov.br\/site\/a-cidade\/a-lagoa\/\">A Lagoa<\/a><\/li><li><a href=\"https:\/\/www.cardoso.sp.gov.br\/site\/a-cidade\/recinto\/\">Recinto Municipal<\/a><\/li><li><a href=\"https:\/\/www.cardoso.sp.gov.br\/site\/a-cidade\/estadio-municipal\/\">Est\u00e1dio Municipal<\/a><\/li><li><a href=\"https:\/\/www.cardoso.sp.gov.br\/site\/a-cidade\/centro-social-urbano\/\">Centro Esportivo<\/a><\/li><li><a href=\"https:\/\/www.cardoso.sp.gov.br\/site\/prefeitura\/hino-da-cidade-de-cardoso\/\">Hino de Cardoso<\/a><\/li><li><a href=\"https:\/\/www.cardoso.sp.gov.br\/site\/ipremcar-instituto-de-previdencia-municipal-de-cardoso\/\">Ipremcar \u2013 Instituto de Previd\u00eancia Municipal de Cardoso<\/a><\/li><li><a href=\"https:\/\/www.cardoso.sp.gov.br\/site\/calendario-escolar-2025\/\">Calend\u00e1rio Escolar 2025<\/a><\/li><li><a href=\"https:\/\/www.cardoso.sp.gov.br\/site\/cardapio-das-unidades-escolares\/\">Card\u00e1pio das Unidades Escolares<\/a><\/li><li><a href=\"https:\/\/www.cardoso.sp.gov.br\/site\/escolas\/\">Escolas Municipais de Cardoso<\/a><\/li><li><a href=\"https:\/\/www.cardoso.sp.gov.br\/site\/guia-do-turista\/\">Guia Completo ao Turista<\/a><\/li><li><a href=\"https:\/\/www.cardoso.sp.gov.br\/site\/imprensa-de-cardoso\/\">Imprensa de Cardoso<\/a><\/li><li><a href=\"https:\/\/www.cardoso.sp.gov.br\/site\/junta-de-servico-militar\/\">Junta de Servi\u00e7o Militar<\/a><\/li><li><a href=\"https:\/\/www.cardoso.sp.gov.br\/site\/lei-aldir-blanc\/\">Lei Aldir Blanc<\/a><\/li><li><a href=\"https:\/\/www.cardoso.sp.gov.br\/site\/lista-de-espera-das-creches\/\">Lista de Espera das Creches<\/a><\/li><li><a href=\"https:\/\/www.cardoso.sp.gov.br\/site\/prefeitura\/banco-do-povo-paulista\/\">Banco do Povo Paulista e Junta de Servi\u00e7o Militar<\/a><\/li><li><a href=\"https:\/\/www.cardoso.sp.gov.br\/site\/relacao-de-logradouros\/\">Rela\u00e7\u00e3o de Novos CEPs<\/a><\/li><li><a href=\"https:\/\/www.cardoso.sp.gov.br\/site\/unidades-de-saude\/\">Unidades de Sa\u00fade<\/a><\/li><li><a href=\"https:\/\/www.cardoso.sp.gov.br\/site\/sistemas-de-comunicacao\/\">Sistemas de Comunica\u00e7\u00e3o<\/a><\/li><li><a href=\"https:\/\/www.cardoso.sp.gov.br\/site\/seguranca\/\">Seguran\u00e7a<\/a><\/li><\/ul><\/li><li><a href=\"#\">Prefeitura<\/a><ul><li><a href=\"https:\/\/www.cardoso.sp.gov.br\/site\/prefeitura\/\">Prefeitura<\/a><\/li><li><a href=\"https:\/\/www.cardoso.sp.gov.br\/site\/prefeitura\/prefeito\/\">Prefeito<\/a><\/li><li><a href=\"https:\/\/www.cardoso.sp.gov.br\/site\/prefeitura\/vice-prefeito\/\">Vice-prefeita<\/a><\/li><li><a href=\"https:\/\/www.cardoso.sp.gov.br\/site\/prefeitura\/primeira-dama\/\">Primeira Dama<\/a><\/li><li><a href=\"https:\/\/www.cardoso.sp.gov.br\/site\/prefeitura\/emails-prefeitura\/\">Emails Prefeitura<\/a><\/li><li><a href=\"https:\/\/www.cardoso.sp.gov.br\/site\/solicitacao-de-servicos\/\">Solicita\u00e7\u00e3o de Servi\u00e7os<\/a><\/li><li><a href=\"https:\/\/www.cardoso.sp.gov.br\/site\/servicos-ao-contribuinte\/\">Servi\u00e7os ao Contribuinte<\/a><\/li><li><a href=\"https:\/\/www.cardoso.sp.gov.br\/site\/terceiro-setor\/\">Terceiro Setor<\/a><\/li><li><a href=\"http:\/\/cardoso.eouve.com.br\/\">Ouvidoria<\/a><\/li><\/ul><\/li><li><a href=\"#\">Secretarias<\/a><ul><li><a href=\"https:\/\/www.cardoso.sp.gov.br\/site\/secretarias\/\">Secretarias<\/a><\/li><li><a href=\"https:\/\/www.cardoso.sp.gov.br\/site\/secretarias\/secretaria-municipal-de-gestao-financeira-sergio-eduardo-camargo\/\">Gest\u00e3o Financeira<\/a><\/li><li><a href=\"https:\/\/www.cardoso.sp.gov.br\/site\/secretarias\/secretaria-municipal-de-desenvolvimento-social-francine-melissa-pagliuso-martinelli\/\">Desenvolvimento Social<\/a><\/li><li><a href=\"https:\/\/www.cardoso.sp.gov.br\/site\/secretarias\/gabriela-fernanda-barbosa\/\">Desenvolvimento Urbano e Meio Ambiente<\/a><\/li><li><a href=\"https:\/\/www.cardoso.sp.gov.br\/site\/secretarias\/secretaria-municipal-de-saude-e-bem-estar-mariana-dias-da-silva-gato\/\">Sa\u00fade e Bem-Estar<\/a><\/li><li><a href=\"https:\/\/www.cardoso.sp.gov.br\/site\/secretarias\/secretaria-municipal-de-educacao-vinicius-de-campos\/\">Educa\u00e7\u00e3o<\/a><\/li><li><a href=\"https:\/\/www.cardoso.sp.gov.br\/site\/secretarias\/secretaria-municipal-de-desenvolvimento-economico-turismo-cultura-esporte-e-lazer-breno-fernandes\/\"><br \/>Desenvolvimento Econ\u00f4mico, Turismo, Cultura, Esporte e Lazer<br \/><\/a><\/li><\/ul><\/li><li><a href=\"#\">Setores P\u00fablicos<\/a><ul><li><a href=\"https:\/\/www.cardoso.sp.gov.br\/site\/setores-publicos\/saude\/\">Sa\u00fade<\/a><\/li><li><a href=\"https:\/\/www.cardoso.sp.gov.br\/site\/setores-publicos\/educacao-e-cultura\/\">Educa\u00e7\u00e3o e Cultura<\/a><\/li><li><a href=\"https:\/\/www.cardoso.sp.gov.br\/site\/setores-publicos\/esporte\/\">Esporte<\/a><\/li><li><a href=\"https:\/\/www.cardoso.sp.gov.br\/site\/setores-publicos\/social\/\">Social<\/a><\/li><li><a href=\"https:\/\/www.cardoso.sp.gov.br\/site\/setores-publicos\/meio-ambiente\/\">Meio Ambiente<\/a><\/li><li><a href=\"https:\/\/www.cardoso.sp.gov.br\/site\/setores-publicos\/obras-e-servicos\/\">Obras e Servi\u00e7os<\/a><\/li><\/ul><\/li><li><a href=\"#\">Cidad\u00e3o, Licita\u00e7\u00f5es e Editais<\/a><ul><li><a href=\"https:\/\/www.cardoso.sp.gov.br\/site\/licitacao\/\">Licita\u00e7\u00f5es<\/a><\/li><li><a href=\"https:\/\/www.cardoso.sp.gov.br\/site\/codigo-de-postura\/\">C\u00f3digo de Postura<\/a><\/li><li><a href=\"https:\/\/www.cardoso.sp.gov.br\/site\/conta-publica\/\">Contas P\u00fablicas Repasses ao 3\u00ba Setor<\/a><\/li><li><a href=\"https:\/\/www.cardoso.sp.gov.br\/site\/edital\/\">Editais<\/a><\/li><li><a href=\"https:\/\/www.cardoso.sp.gov.br\/site\/tributo-arrecadacao\/\">Tributos e Arrecada\u00e7\u00f5es<\/a><\/li><li><a href=\"https:\/\/www.cardoso.sp.gov.br\/site\/conselho-tutelar\/\">Lei Conselho Tutelar<\/a><\/li><\/ul><\/li><li><a href=\"#\">Servi\u00e7os<\/a><ul><li><a href=\"http:\/\/web.cardoso.sp.gov.br:5656\/comprasedital\/\" target=\"_blank\" rel=\"noopener\">Portal de Compras<\/a><\/li><li><a href=\"https:\/\/www.cardoso.sp.gov.br\/site\/conselho-da-educacao\/\">Conselhos da Educa\u00e7\u00e3o<\/a><\/li><li><a href=\"http:\/\/web.cardoso.sp.gov.br:8080\/servicosweb\" target=\"_blank\" rel=\"noopener\">Servi\u00e7os On-line<\/a><\/li><li><a href=\"http:\/\/web.cardoso.sp.gov.br:8080\/issweb\" target=\"_blank\" rel=\"noopener\">NFS-E<\/a><\/li><li><a href=\"https:\/\/www.cardoso.sp.gov.br\/site\/cidadao\/\">Cidad\u00e3o, Licita\u00e7\u00f5es e Editais<\/a><\/li><li><a href=\"https:\/\/www.cardoso.sp.gov.br\/site\/prefeitura\/emails-prefeitura\/\">Emails Prefeitura<\/a><\/li><li><a href=\"https:\/\/www.cardoso.sp.gov.br\/site\/a-cidade\/\">Atrativos Tur\u00edsticos<\/a><\/li><li><a href=\"https:\/\/www.imprensaoficialmunicipal.com.br\/cardoso\" target=\"_blank\" rel=\"noopener\">Di\u00e1rio Oficial do Munic\u00edpio<\/a><\/li><li><a href=\"https:\/\/www.cardoso.sp.gov.br\/site\/licitacao\/\">Licita\u00e7\u00f5es<\/a><\/li><li><a href=\"http:\/\/web.cardoso.sp.gov.br:8091\/esus\/#\/pec\" target=\"_blank\" rel=\"noopener\">ESUS<\/a><\/li><li><a href=\"http:\/\/web.cardoso.sp.gov.br:8080\/sipweb\/trabalhador\/login\/login.xhtml\" target=\"_blank\" rel=\"noopener\">SIPWEB \u2013 Holerite Online<\/a><\/li><li><a href=\"https:\/\/www.cardoso.sp.gov.br\/site\/carta-servico\/\">Carta de Servi\u00e7os<\/a><\/li><li><a href=\"https:\/\/www.cardoso.sp.gov.br\/site\/orientacao-projeto\/\">Orienta\u00e7\u00f5es Engenharia<\/a><\/li><li><a class=\"hfe-sub-menu-item hfe-sub-menu-item-active\" href=\"https:\/\/www.cardoso.sp.gov.br\/site\/\">Interesse Habitacional<\/a><\/li><li><a href=\"https:\/\/www.cardoso.sp.gov.br\/site\/relacao-de-logradouros\/\">Busca CEP<\/a><\/li><li><a href=\"https:\/\/www.cardoso.sp.gov.br\/site\/participe-do-processo-orcamentario\/\">Or\u00e7amento P\u00fablico Interativo<\/a><\/li><li><a href=\"http:\/\/web.cardoso.sp.gov.br:8097\/sis\/publico.dll\/?tela=estoque\" target=\"_blank\" rel=\"noopener\">Sa\u00fade Estoque Aberto<\/a><\/li><li><a href=\"https:\/\/forms.gle\/tWDjZ6ArBSGTJQnYA\" target=\"_blank\" rel=\"noopener\">Participa\u00e7\u00e3o Popular<\/a><\/li><li><a href=\"http:\/\/cardoso.eouve.com.br\/\" target=\"_blank\" rel=\"noopener\">Ouvidoria Municipal \u201ceOuve\u201d<\/a><\/li><li><a href=\"https:\/\/vaf.facundo.tec.br\/remessa_online\/cardoso\" target=\"_blank\" rel=\"noopener\">DEUR WEB<\/a><\/li><\/ul><\/li><li><a href=\"https:\/\/www.cardoso.sp.gov.br\/site\/noticias\/\">Not\u00edcias<\/a><\/li><li><a href=\"https:\/\/www.facebook.com\/prefeituramunicipaldecardoso\/photos_albums\" target=\"_blank\" rel=\"noopener\">Fotos<\/a><\/li><li><a href=\"http:\/\/web.cardoso.sp.gov.br:5656\/transparencia\/\">Transpar\u00eancia<\/a><\/li><li><a href=\"https:\/\/www.cardoso.sp.gov.br\/site\/acessibilidade\/\">Acessibilidade<\/a><\/li><li><a href=\"https:\/\/www.cardoso.sp.gov.br\/site\/redes-sociais-e-whatsapp\/\">Redes Sociais e WhatsApp<\/a><\/li><li><a href=\"https:\/\/www.cardoso.sp.gov.br\/site\/lgpd\/\">LGPD<\/a><\/li><li><a href=\"https:\/\/www.cardoso.sp.gov.br\/site\/mapa-do-site\/\" aria-current=\"page\">Mapa do Site<\/a><\/li><\/ul>\t\t\t\t\t\t\t\t<\/div>\n\t\t\t\t<\/div>\n\t\t\t\t\t<\/div>\n\t\t<\/div>\n\t\t\t\t\t<\/div>\n\t\t<\/section>\n\t\t\t\t<\/div>\n\t\t<div class=\"gsp_post_data\" data-post_type=\"page\" data-cat=\"\" data-modified=\"120\" data-title=\"Mapa do Site\" data-home=\"https:\/\/www.cardoso.sp.gov.br\/site\"><\/div>","protected":false},"excerpt":{"rendered":"<p>Home A Cidade Nossa Hist\u00f3ria A Prainha A Lagoa Recinto Municipal Est\u00e1dio Municipal Centro Esportivo Hino de Cardoso Ipremcar \u2013 Instituto de Previd\u00eancia Municipal de Cardoso<span class=\"excerpt-hellip\"> [\u2026]<\/span><\/p>\n","protected":false},"author":1,"featured_media":0,"parent":0,"menu_order":0,"comment_status":"closed","ping_status":"closed","template":"","meta":{"footnotes":""},"class_list":["post-17279","page","type-page","status-publish","hentry"],"_links":{"self":[{"href":"https:\/\/www.cardoso.sp.gov.br\/site\/wp-json\/wp\/v2\/pages\/17279","targetHints":{"allow":["GET"]}}],"collection":[{"href":"https:\/\/www.cardoso.sp.gov.br\/site\/wp-json\/wp\/v2\/pages"}],"about":[{"href":"https:\/\/www.cardoso.sp.gov.br\/site\/wp-json\/wp\/v2\/types\/page"}],"author":[{"embeddable":true,"href":"https:\/\/www.cardoso.sp.gov.br\/site\/wp-json\/wp\/v2\/users\/1"}],"replies":[{"embeddable":true,"href":"https:\/\/www.cardoso.sp.gov.br\/site\/wp-json\/wp\/v2\/comments?post=17279"}],"version-history":[{"count":12,"href":"https:\/\/www.cardoso.sp.gov.br\/site\/wp-json\/wp\/v2\/pages\/17279\/revisions"}],"predecessor-version":[{"id":22118,"href":"https:\/\/www.cardoso.sp.gov.br\/site\/wp-json\/wp\/v2\/pages\/17279\/revisions\/22118"}],"wp:attachment":[{"href":"https:\/\/www.cardoso.sp.gov.br\/site\/wp-json\/wp\/v2\/media?parent=17279"}],"curies":[{"name":"wp","href":"https:\/\/api.w.org\/{rel}","templated":true}]}}