{"id":17274,"date":"2022-07-02T08:14:49","date_gmt":"2022-07-02T11:14:49","guid":{"rendered":"https:\/\/www.cardoso.sp.gov.br\/site\/?page_id=17274"},"modified":"2022-07-02T08:23:25","modified_gmt":"2022-07-02T11:23:25","slug":"acessibilidade","status":"publish","type":"page","link":"https:\/\/www.cardoso.sp.gov.br\/site\/acessibilidade\/","title":{"rendered":"Acessibilidade"},"content":{"rendered":"\t\t<div data-elementor-type=\"wp-page\" data-elementor-id=\"17274\" class=\"elementor elementor-17274\" data-elementor-post-type=\"page\">\n\t\t\t\t\t\t<section class=\"elementor-section elementor-top-section elementor-element elementor-element-3f10f7e elementor-section-boxed elementor-section-height-default elementor-section-height-default\" data-id=\"3f10f7e\" data-element_type=\"section\" data-e-type=\"section\">\n\t\t\t\t\t\t<div class=\"elementor-container elementor-column-gap-default\">\n\t\t\t\t\t<div class=\"elementor-column elementor-col-100 elementor-top-column elementor-element elementor-element-01ec501\" data-id=\"01ec501\" data-element_type=\"column\" data-e-type=\"column\">\n\t\t\t<div class=\"elementor-widget-wrap elementor-element-populated\">\n\t\t\t\t\t\t<div class=\"elementor-element elementor-element-7a94306 elementor-widget elementor-widget-text-editor\" data-id=\"7a94306\" data-element_type=\"widget\" data-e-type=\"widget\" data-widget_type=\"text-editor.default\">\n\t\t\t\t<div class=\"elementor-widget-container\">\n\t\t\t\t\t\t\t\t\t<p><b>TECLAS DE ACESSO<\/b><\/p>\n<p>Teclas de acesso permitem a navega\u00e7\u00e3o nas principais p\u00e1ginas deste web site atrav\u00e9s de seu teclado. As combina\u00e7\u00f5es de teclas exibidas abaixo auxilia os usu\u00e1rios portadores de defici\u00eancia visual no acesso r\u00e1pido \u00e0s principais \u00e1reas deste portal.<\/p>\n<p>Para verificar o funcionamento pressione Shift + o atalho. Os seguintes atalhos est\u00e3o dispon\u00edveis neste website:<\/p>\n<p>Teclando-se Alt + 1 em qualquer p\u00e1gina do portal, chega-se diretamente ao come\u00e7o do conte\u00fado principal da p\u00e1gina.<br><span style=\"letter-spacing: 0px;\">Teclando-se Alt + 2 em qualquer p\u00e1gina do portal, chega-se diretamente ao in\u00edcio do menu principal.<br><\/span><span style=\"letter-spacing: 0px;\">Teclando-se Alt + 3 em qualquer p\u00e1gina do portal, chega-se diretamente em sua busca interna.<br><\/span><span style=\"letter-spacing: 0px;\">Teclando-se Alt + 4 em qualquer p\u00e1gina do portal, chega-se diretamente ao rodape.<\/span><\/p>\n<p><b>CONTRASTE<\/b><\/p>\n<p>Este site possui no canto superior direito, o bot\u00e3o que controla o contraste da p\u00e1gina. Esse recurso possibilita uma melhor visualiza\u00e7\u00e3o do conte\u00fado para pessoas portadoras de defici\u00eancia visual.<\/p>\n<p><b>TAMANHO DE FONTES<\/b><\/p>\n<p>No canto superior direito h\u00e1 bot\u00f5es que controlam o tamanho das letras dos textos deste website. Esse recurso possibilita a melhoria na leitura de grandes blocos de texto.<\/p>\n<p><b>ACESSIBILIDADE<\/b><\/p>\n<p>Este site foi projetado para ser acess\u00edvel a todos, para garantir esta responsabilidade foi desenvolvido de acordo com as Diretrizes de Acessibilidade para Conte\u00fado Web (WCAG e E-GOV).<\/p>\n<p>O portal se encontra dentro dos princ\u00edpios de acessibilidade preconizados pela lei federal de acessibilidade (Lei no. 10 098, de 19 de dezembro de 2000), que estabelece normas gerais e crit\u00e9rios b\u00e1sicos para a promo\u00e7\u00e3o da acessibilidade das pessoas portadoras de defici\u00eancia ou com mobilidade reduzida e d\u00e1 outras provid\u00eancias.<\/p>\n<p><b>VALIDA\u00c7\u00d5ES<\/b><\/p>\n<p>Este site segue regras de desenvolvimento XHTML 1.0 e CSS proposto pela W3C (WORLD WIDE WEB CONSORTIUM) respons\u00e1vel por definir padr\u00f5es para as respectivas \u00e1reas relacionadas \u00e0 Web.<\/p>\t\t\t\t\t\t\t\t<\/div>\n\t\t\t\t<\/div>\n\t\t\t\t\t<\/div>\n\t\t<\/div>\n\t\t\t\t\t<\/div>\n\t\t<\/section>\n\t\t\t\t<\/div>\n\t\t<div class=\"gsp_post_data\" data-post_type=\"page\" data-cat=\"\" data-modified=\"120\" data-title=\"Acessibilidade\" data-home=\"https:\/\/www.cardoso.sp.gov.br\/site\"><\/div>","protected":false},"excerpt":{"rendered":"<p>TECLAS DE ACESSO Teclas de acesso permitem a navega\u00e7\u00e3o nas principais p\u00e1ginas deste web site atrav\u00e9s de seu teclado. As combina\u00e7\u00f5es de teclas exibidas abaixo auxilia<span class=\"excerpt-hellip\"> [\u2026]<\/span><\/p>\n","protected":false},"author":1,"featured_media":0,"parent":0,"menu_order":0,"comment_status":"closed","ping_status":"closed","template":"","meta":{"footnotes":""},"class_list":["post-17274","page","type-page","status-publish","hentry"],"_links":{"self":[{"href":"https:\/\/www.cardoso.sp.gov.br\/site\/wp-json\/wp\/v2\/pages\/17274","targetHints":{"allow":["GET"]}}],"collection":[{"href":"https:\/\/www.cardoso.sp.gov.br\/site\/wp-json\/wp\/v2\/pages"}],"about":[{"href":"https:\/\/www.cardoso.sp.gov.br\/site\/wp-json\/wp\/v2\/types\/page"}],"author":[{"embeddable":true,"href":"https:\/\/www.cardoso.sp.gov.br\/site\/wp-json\/wp\/v2\/users\/1"}],"replies":[{"embeddable":true,"href":"https:\/\/www.cardoso.sp.gov.br\/site\/wp-json\/wp\/v2\/comments?post=17274"}],"version-history":[{"count":0,"href":"https:\/\/www.cardoso.sp.gov.br\/site\/wp-json\/wp\/v2\/pages\/17274\/revisions"}],"wp:attachment":[{"href":"https:\/\/www.cardoso.sp.gov.br\/site\/wp-json\/wp\/v2\/media?parent=17274"}],"curies":[{"name":"wp","href":"https:\/\/api.w.org\/{rel}","templated":true}]}}